, 70451
List the prime factors of 3420185899.
13, 8731, 30133
List the prime factors of 84409136.
2, 7, 37, 20369
List the prime factors of 5197030980.
2, 3, 5, 86617183
What are the prime factors of 91418537?
7, 17, 23, 127, 263
What are the prime factors of 244290100?
2, 5, 1277, 1913
What are the prime factors of 348125770?
2, 5, 3593, 9689
List the prime factors of 57385235.
5, 11477047
List the prime factors of 195117109.
11, 17, 251, 4157
What are the prime factors of 8296573?
113, 73421
What are the prime factors of 15616214?
2, 19, 410953
What are the prime factors of 634408652?
2, 17, 9329539
List the prime factors of 2346741861.
3, 11149, 70163
List the prime factors of 2457238949.
11, 223385359
What are the prime factors of 133017943?
47, 97, 163, 179
What are the prime factors of 515242583?
515242583
List the prime factors of 70240704.
2, 3, 365837
List the prime factors of 27474610.
2, 5, 293, 9377
What are the prime factors of 786968092?
2, 23, 661, 12941
List the prime factors of 45229759.
45229759
List the prime factors of 43026198.
2, 3, 29, 107, 2311
What are the prime factors of 1247850690?
2, 3, 5, 941, 44203
What are the prime factors of 965968777?
73, 97, 136417
What are the prime factors of 293260385?
5, 11, 59, 90373
What are the prime factors of 99374970?
2, 3, 5, 37, 89527
List the prime factors of 52310239.
52310239
What are the prime factors of 1030312841?
29, 37, 960217
What are the prime factors of 153197427?
3, 37, 1380157
What are the prime factors of 416696866?
2, 19, 911, 12037
List the prime factors of 61476981.
3, 17, 109, 11059
What are the prime factors of 60704009?
1399, 43391
List the prime factors of 1654142865.
3, 5, 23, 419, 11443
What are the prime factors of 57487829?
7, 17, 9859
What are the prime factors of 3299627772?
2, 3, 7, 29, 150503
What are the prime factors of 196137111?
3, 37, 1767001
What are the prime factors of 743304884?
2, 7, 1777, 14939
List the prime factors of 1189639374.
2, 3, 7, 11, 2574977
What are the prime factors of 33351913?
7, 4764559
List the prime factors of 68418501.
3, 1447, 15761
List the prime factors of 1639260765.
3, 5, 37, 984541
What are the prime factors of 61061285?
5, 37, 330061
List the prime factors of 422818687.
127, 3329281
List the prime factors of 70363280.
2, 5, 13, 29, 2333
List the prime factors of 153641292.
2, 3, 7, 151, 12113
List the prime factors of 1240036907.
37, 33514511
What are the prime factors of 115401663?
3, 13, 986339
What are the prime factors of 406593735?
3, 5, 3529, 7681
What are the prime factors of 43701351?
3, 31, 469907
List the prime factors of 1197599275.
5, 61, 785311
List the prime factors of 573397461.
3, 7, 13, 11113
List the prime factors of 822499.
409, 2011
What are the prime factors of 6675078354?
2, 3, 7, 23, 61, 113279
What are the prime factors of 287972690?
2, 5, 17, 1693957
List the prime factors of 21503584.
2, 31, 53, 409
What are the prime factors of 4718099952?
2, 3, 71, 541, 853
What are the prime factors of 8293678802?
2, 229, 823, 22003
What are the prime factors of 1565534158?
2, 37, 1913, 11059
List the prime factors of 495852192.
2, 3, 11, 17, 31
What are the prime factors of 25172642?
2, 11, 1144211
List the prime factors of 674548689.
3, 73, 79, 127, 307
What are the prime factors of 3400218?
2, 3, 139, 151
List the prime factors of 44821079.
83, 307, 1759
What are the prime factors of 139896723?
3, 17, 127, 21599
What are the prime factors of 33173218?
2, 13, 1275893
List the prime factors of 54673398.
2, 3, 13, 31, 7537
What are the prime factors of 586931400?
2, 3, 5, 11, 41, 241
List the prime factors of 511952515.
5, 23, 29, 153509
List the prime factors of 63257773.
43, 251, 5861
List the prime factors of 651412.
2, 162853
What are the prime factors of 30378625?
5, 19, 12791
List the prime factors of 1591081813.
71, 22409603
What are the prime factors of 1013679499?
7, 241, 600877
List the prime factors of 96777672.
2, 3, 4032403
List the prime factors of 28978272.
2, 3, 239, 421
List the prime factors of 2530006530.
2, 3, 5, 853, 98867
List the prime factors of 138584697.
3, 17, 463, 5869
List the prime factors of 380531393.
11, 2833, 12211
What are the prime factors of 220814415?
3, 5, 73, 67219
What are the prime factors of 68104090?
2, 5, 6810409
What are the prime factors of 181554434?
2, 8681, 10457
What are the prime factors of 1726082275?
5, 69043291
What are the prime factors of 25964672?
2, 109, 1861
List the prime factors of 246009162.
2, 3, 7, 5857361
List the prime factors of 414207615.
3, 5, 27613841
List the prime factors of 7682526.
2, 3, 47, 1009
List the prime factors of 783208953.
3, 29007739
List the prime factors of 110561148.
2, 3, 3071143
List the prime factors of 86241768.
2, 3, 3593407
List the prime factors of 21494201.
263, 81727
What are the prime factors of 216899305?
5, 7, 6197123
List the prime factors of 292483657.
17, 17204921
List the prime factors of 2594509588.
2, 11, 5360557
What are the prime factors of 532090292?
2, 41, 79133
What are the prime factors of 53030793?
3, 53, 59, 5653
What are the prime factors of 869171981?
61, 149, 95629
What are the prime factors of 158534605?
5, 17, 173, 10781
What are the prime factors of 422972813?
19, 22261727
List the prime factors of 5204061913.
17, 306121289
List the prime factors of 933343736.
2, 13, 137, 5039
List the prime factors of 356841714.
2, 3, 59473619
List the prime factors of 40291980.
2, 3, 5, 671533
What are the prime factors of 27837015?
3, 5, 23, 80687
List the prime factors of 75128031.
3, 11, 41, 83, 223
List the prime factors of 5745811645.
5, 7, 347, 473101
List the prime factors of 5041458538.
2, 2520729269
List the prime factors of 204268594.
2, 102134297
List the prime factors of 146302900.
2, 5, 389, 3761
List the prime factors of 204320086.
2, 23, 1181, 3761
What are the prime factors of 1493557974?
2, 3, 27658481
What are the prime factors of 769027080?
2, 3, 5, 23, 79, 3527
List the prime factors of 74815664.
2, 7, 11, 60727
What are the prime factors of 191743562?
2, 7577, 12653
List the prime factors of 1917886148.
2, 479471537
What are the prime factors of 545753040?
2, 3, 5, 7, 17, 97, 197
List the prime factors of 339158702.
2, 19, 877, 10177
List the prime factors of 766467689.
13, 101, 583753
What are the prime factors of 6183273?
3, 47, 43853
What are the prime factors of 99100005?
3, 5, 127, 52021
List the prime factors of 3220520207.
179, 17991733
List the prime factors of 508529237.
47, 1493, 7247
List the prime factors of 334953666.
2, 3, 1979, 9403
What are the prime factors of 146334754?
2, 29, 2523013
List the prime factors of 23107950.
2, 3, 5, 17117
What are the prime factors of 397612952?
2, 11, 37, 122117
What are the prime factors of 447689914?
2, 7, 31977851
What are the prime factors of 64817437?
97, 668221
What are the prime factors of 3173647098?
2, 3, 1979, 267277
What are the prime factors of 547958457?
3, 79, 347, 2221
List the prime factors of 88156580.
2, 5, 19, 139, 1669
What are the prime factors of 207623483?
207623483
What are the prime factors of 56165418?
2, 3, 383, 8147
What are the prime factors of 673223713?
19, 2383, 14869
What are the prime factors of 4220265268?
2, 263, 853, 4703
List the prime factors of 860545105.
5, 7, 41, 85669
List the prime factors of 538629325.
5, 13, 29, 57149
List the prime factors of 638275730.
2, 5, 63827573
What are the prime factors of 138112862?
2, 17, 19, 67, 3191
What are the prime factors of 270994021?
59, 199, 23081
What are the prime factors of 81855809?
7, 11693687
List the prime factors of 83734920.
2, 3, 5, 232597
What are the prime factors of 59638923?
3, 139, 5297
List the prime factors of 23356324.
2, 37, 157813
List the prime factors of 865238507.
7, 123605501
What are the prime factors of 262160884?
2, 6709, 9769
List the prime factors of 474947607.
3, 163, 971263
List the prime factors of 44325691.
31, 1429861
List the prime factors of 55697663.
7, 131, 8677
What are the prime factors of 2801834433?
3, 16889, 18433
What are the prime factors of 1590556886?
2, 795278443
What are the prime factors of 1219773852?
2, 3, 11, 3080237
List the prime factors of 1443802784.
2, 977, 46181
List the prime factors o